00 - -101?
-1122
In base 9, what is 240 + 45?
285
In base 11, what is 0 - -3a62?
3a62
In base 2, what is -11 - -110010?
101111
In base 8, what is -102 - -4?
-76
In base 3, what is -2011202 + 1?
-2011201
In base 8, what is -1756 - 5?
-1763
In base 8, what is 4 - 114?
-110
In base 15, what is -1 - 11c?
-11d
In base 12, what is 11 - 16?
-5
In base 3, what is -1002 - 1220?
-2222
In base 2, what is -100 + 100110111000?
100110110100
In base 7, what is 1 - 144?
-143
In base 14, what is -13 + -a?
-1d
In base 15, what is -41 - -32?
-e
In base 10, what is 8 - 70?
-62
In base 3, what is 1 - 1000221?
-1000220
In base 2, what is 1000000110 - 101?
1000000001
In base 7, what is -634 - 1?
-635
In base 2, what is -1 - -10001110?
10001101
In base 2, what is -100001100011 + 1?
-100001100010
In base 14, what is -4 - 1bc2?
-1bc6
In base 3, what is -1 + -101212?
-101220
In base 3, what is -11201 + -12?
-11220
In base 11, what is 50 + 77?
117
In base 11, what is 3 - 188?
-185
In base 7, what is 1066 - -35?
1134
In base 12, what is -2875 + -2?
-2877
In base 3, what is -2221 + 12?
-2202
In base 2, what is -111100000100 + 100?
-111100000000
In base 9, what is 26 + 28?
55
In base 10, what is 2 - 445?
-443
In base 8, what is -2 + 106?
104
In base 6, what is -1054 + -13?
-1111
In base 7, what is 52 + -11?
41
In base 8, what is -37 + -4?
-43
In base 12, what is 10 - 1?
b
In base 15, what is 5db - -b?
5e7
In base 6, what is -1 + 401?
400
In base 3, what is 0 + -1222?
-1222
In base 4, what is -33 + 2132?
2033
In base 5, what is -31 - -104?
23
In base 11, what is 27 + 389?
405
In base 6, what is -342 + -3?
-345
In base 6, what is -32 + 140?
104
In base 7, what is 135 - 44?
61
In base 15, what is -129 + 0?
-129
In base 2, what is 10 + 1010001?
1010011
In base 7, what is -5 + 50?
42
In base 14, what is -2a + -67?
-93
In base 16, what is 4 - 3e?
-3a
In base 4, what is 10 + 10010?
10020
In base 9, what is -1631 - 10?
-1641
In base 11, what is -123 + -4?
-127
In base 2, what is -1000 + 1110000?
1101000
In base 4, what is 120 - -21032?
21212
In base 14, what is -d8 + b?
-cb
In base 2, what is 110110 - -10001?
1000111
In base 14, what is 2 - 586?
-584
In base 8, what is 330 - 15?
313
In base 7, what is 0 + -421?
-421
In base 4, what is 23213 + 1?
23220
In base 13, what is -164 - -5?
-15c
In base 13, what is 26 + -17?
c
In base 9, what is 23 - -151?
174
In base 10, what is -12 + -77?
-89
In base 3, what is -2 + -221?
-1000
In base 2, what is -101 - -1111110000?
1111101011
In base 12, what is 11 - -193?
1a4
In base 6, what is 5 - 22315?
-22310
In base 6, what is 314 - -1?
315
In base 15, what is 9 + -4?
5
In base 13, what is a0 - 60?
40
In base 15, what is -17 - -18?
1
In base 9, what is -3643 - 5?
-3648
In base 13, what is 324 - -1?
325
In base 4, what is 1 + -21?
-20
In base 10, what is -5 + -101?
-106
In base 10, what is -2 - -485?
483
In base 16, what is -4 + b?
7
In base 14, what is -5 + 24a9?
24a4
In base 15, what is 230 - 1?
22e
In base 11, what is -2 - 95?
-97
In base 4, what is -2313 - -11?
-2302
In base 8, what is -1 - 5236?
-5237
In base 7, what is -50 + -1?
-51
In base 14, what is 8b - 1?
8a
In base 5, what is 3 + -11403?
-11400
In base 3, what is 11111 - 2?
11102
In base 10, what is -208 - 36?
-244
In base 9, what is 13000 + 5?
13005
In base 7, what is 2053 + -1?
2052
In base 4, what is 10 + 2321?
2331
In base 8, what is -1 - 444?
-445
In base 6, what is 4 - -12155?
12203
In base 8, what is 1 - -232?
233
In base 13, what is -2 + -37?
-39
In base 13, what is 2 + 23c?
241
In base 14, what is 2 - 24d?
-24b
In base 14, what is 4 - -15?
19
In base 7, what is 0 + -13355?
-13355
In base 13, what is 13 - -10?
23
In base 5, what is 23413 + -10?
23403
In base 3, what is 2 - 20202?
-20200
In base 14, what is 54 - 2?
52
In base 9, what is -55 + 5?
-50
In base 16, what is 74 - -5?
79
In base 12, what is -2b6 - 21?
-317
In base 3, what is 21221011 - 12?
21220222
In base 11, what is -11 - 159?
-16a
In base 12, what is -5 - 412?
-417
In base 11, what is 230 - 1?
22a
In base 4, what is 10 + 303?
313
In base 3, what is -10010 - -1?
-10002
In base 10, what is 2 - -87?
89
In base 14, what is c + a?
18
In base 12, what is -4485 - -2?
-4483
In base 5, what is -4141 + -3?
-4144
In base 4, what is -210 + -330?
-1200
In base 5, what is 10 - 10013?
-10003
In base 5, what is -4 + 24?
20
In base 7, what is 33 - -32?
65
In base 14, what is -13 + -23?
-36
In base 7, what is 353 - -5?
361
In base 8, what is -4 - 435?
-441
In base 9, what is -352 + -3?
-355
In base 6, what is -4 - 20?
-24
In base 8, what is -1440 + -2?
-1442
In base 6, what is -34 - -43?
5
In base 11, what is 27 - 77?
-50
In base 2, what is -11000010111 + 100?
-11000010011
In base 15, what is b + -12?
-6
In base 8, what is -42 - -6?
-34
In base 11, what is -104 + -4?
-108
In base 14, what is 80 - -5?
85
In base 11, what is -382 - -1?
-381
In base 5, what is 1103 + 12?
1120
In base 11, what is -18 - -79?
61
In base 14, what is -6 - 86?
-8c
In base 2, what is 1010001011 - -101?
1010010000
In base 12, what is 13b4 - -2?
13b6
In base 13, what is -52 - 5?
-57
In base 14, what is -3 - -10?
b
In base 9, what is -174 - -267?
83
In base 8, what is 22 - -1706?
1730
In base 13, what is -40 - -3?
-3a
In base 16, what is 16 + 9?
1f
In base 11, what is -9 + aa?
a1
In base 16, what is 37 + -68?
-31
In base 15, what is -5 + 13?
d
In base 15, what is -b8 - 0?
-b8
In base 12, what is b2 + -2?
b0
In base 8, what is 665 - -45?
732
In base 12, what is -57 + 3?
-54
In base 13, what is 1c1 + 4?
1c5
In base 16, what is 1e - -19?
37
In base 14, what is -75b - 3?
-760
In base 2, what is -100 + -10000100?
-10001000
In base 8, what is -637 - -5?
-632
In base 16, what is -1 + 16?
15
In base 5, what is -4 - -22123?
22114
In base 16, what is 11 - -6?
17
In base 9, what is -236 - -11?
-225
In base 13, what is -32a1 + 3?
-329b
In base 5, what is 332 - 1?
331
In base 2, what is -10001110100 - -1?
-10001110011
In base 8, what is -167 + -33?
-222
In base 10, what is 56 - 13?
43
In base 12, what is 13 + -18b?
-178
In base 15, what is -1eb1 - -5?
-1eab
In base 6, what is 435 + -14?
421
In base 4, what is -12 - -2230?
2212
In base 12, what is -29 + -1?
-2a
In base 16, what is 99 - 46?
53
In base 14, what is 176 + 4?
17a
In base 10, what is 15 - -39?
54
In base 7, what is -5 - -14556?
14551
In base 14, what is -79 + -1?
-7a
In base 11, what is -2 + -76a?
-771
In base 4, what is -10 + 22121?
22111
In base 2, what is -1111011 - 1?
-1111100
In base 15, what is -7 + -313?
-31a
In base 3, what is 202102 + 122?
210001
In base 13, what is -3 + 3b?
38
In base 6, what is -145 - -11?
-134
In base 12, what is -430a - -1?
-4309
In base 10, what is -4960 - 4?
-4964
In base 7, what is -23 - -126?
103
In base 10, what is 2117 - 9?
2108
In base 5, what is 4 - 121?
-112
In base 8, what is -13 - -1134?
1121
In base 6, what is 35150 + 10?
35200
In base 11, what is 4 - -840?
844
In base 16, what is 16 + 3a?
50
In base 4, what is -213 + 231?
12
In base 8, what is 2 + 46?
50
In base 14, what is 767 + 3?
76a
In base 5, what is -40 + -1?
-41
In base 2, what is -110001000101 - -10?
-110001000011
In base 13, what is -4 + -49a?
-4a1
In base 12, what is -49 + 2?
-47
In base 7, what is 1 - -10261?
10262
In base 3, what is 121 + 1002?
1200
In base 13, what is 39 - 259?
-220
In base 4, what is -200 - -1?
-133
In base 13, what is -b - 1c2?
-200
In base 6, what is 55 + 1030?
1125
In base 12, what is -4 - -36?
32
In base 14, what is 0 + -21?
-21
In base 10, what is 4 - -5310?
5314
In base 11, what is 145 - 4?
141
In base 4, what is 110302 - -10?
110312
In base 3, what is 11210 + -2?
11201
In base 6, what is 1 - -23?
24
In base 6, what is -1314 + -155?
-1513
In base 5, what is 10413 - 0?
10413
In base 7, what is -4 - -215?
211
In base 7, what is 13 + -103?
-60
In base 11, what is -307 - -5?
-302
In base 5, what is -10211 + 10?
-10201
In base 14, what is d + 1b?
2a
In base 11, what is -2 + -1a?
-21
In base 16, what is 4 + 6?
a
In base 6, what is -21430 - 0?
-21430
In base 6, what is 0 - -342?
342
In base 14, what is -13 - 1?
-14
In base 8, what is 412 - 4?
406
In base 3, what is 101 + 12010?
12111
In base 2, what is -100001 - -1001000?
100111
In base 8, what is 0 - 73?
-73
In base 3, what is 1 - 212?
-211
